- -1001100010?
1001101011
In base 13, what is 5 + -12c?
-127
In base 15, what is 4 - d6?
-d2
In base 16, what is -5 - 1052?
-1057
In base 4, what is 11 - 200023?
-200012
In base 8, what is -10147 - 4?
-10153
In base 7, what is -566 - -11?
-555
In base 14, what is 41 + 111?
152
In base 13, what is b + -16?
-8
In base 11, what is -524 - 1?
-525
In base 4, what is -111 - -3000?
2223
In base 10, what is 3 - -675?
678
In base 2, what is -11111000100 + 11?
-11111000001
In base 9, what is 8176 + 3?
8180
In base 2, what is 0 - -10001101100000?
10001101100000
In base 3, what is 10 + 2222002?
2222012
In base 10, what is 5 + -16?
-11
In base 14, what is 34 - -a7?
db
In base 13, what is 17 + -74?
-5a
In base 6, what is 42 + 352?
434
In base 2, what is -11 + -10011000001?
-10011000100
In base 4, what is 2313 + -12?
2301
In base 3, what is -112 - 2?
-121
In base 15, what is 0 + -2c?
-2c
In base 2, what is 101 - -1100111000?
1100111101
In base 9, what is -48 + -5?
-54
In base 12, what is -624 + -5?
-629
In base 12, what is -4 + -26?
-2a
In base 13, what is -c4 - 10?
-104
In base 12, what is 2 + 3041?
3043
In base 12, what is -5 - 21a?
-223
In base 3, what is -12 + -101001?
-101020
In base 3, what is 0 - -112121?
112121
In base 9, what is 2 + 4406?
4408
In base 6, what is 45 + 1012?
1101
In base 15, what is 3 - -425?
428
In base 2, what is 1011011 - 1001010?
10001
In base 14, what is b7 + 2?
b9
In base 12, what is 46 + a?
54
In base 14, what is 1 - 148?
-147
In base 15, what is 0 - b3?
-b3
In base 14, what is b0 + -7?
a7
In base 13, what is c - 3b?
-2c
In base 8, what is -5 + -27?
-34
In base 8, what is 6 + 57?
65
In base 6, what is 43502 - -5?
43511
In base 2, what is 101 - -1111?
10100
In base 11, what is -29 + -18?
-46
In base 14, what is 5 + -13d?
-138
In base 2, what is -110010 + -100000?
-1010010
In base 15, what is 6 - -db?
e2
In base 13, what is -65b - -b?
-650
In base 14, what is 226 - 8?
21c
In base 8, what is -17 + 47?
30
In base 10, what is 16 - -4?
20
In base 13, what is 5b1 - 3?
5ab
In base 5, what is -303241 - -10?
-303231
In base 15, what is -34e + -4?
-353
In base 2, what is 10011001001 + -100?
10011000101
In base 13, what is -1 - -121?
120
In base 3, what is 22 + 2020011?
2020110
In base 15, what is -2a5 - -1?
-2a4
In base 16, what is -8d1 + -3?
-8d4
In base 15, what is 49 - c?
3c
In base 15, what is -22 - -32?
10
In base 15, what is 59 + 25?
7e
In base 5, what is 3 + -102?
-44
In base 14, what is a3 - -2c?
d1
In base 11, what is 5 + 35?
3a
In base 10, what is -1 + -43?
-44
In base 4, what is 3312 + 10?
3322
In base 13, what is 4 - -174?
178
In base 7, what is 3465 + 5?
3503
In base 13, what is 4 + 608?
60c
In base 15, what is 21 - -16?
37
In base 14, what is 4c4 - 9?
4b9
In base 5, what is -30 - 101?
-131
In base 3, what is 22 + -21021?
-20222
In base 16, what is 1 + 114?
115
In base 15, what is -69 + 1?
-68
In base 8, what is 27 + 1?
30
In base 4, what is 11133 - 11?
11122
In base 5, what is 201423 - -4?
201432
In base 6, what is -5 - 131?
-140
In base 11, what is 17 - -15?
31
In base 15, what is 0 + -1796?
-1796
In base 8, what is 2 - 13?
-11
In base 3, what is -1211120 - -12?
-1211101
In base 4, what is -1 - 112012?
-112013
In base 4, what is 122 + 12?
200
In base 2, what is 0 - -10111100?
10111100
In base 5, what is 10 + -43?
-33
In base 7, what is 12 - 1004?
-662
In base 11, what is -7257 + 5?
-7252
In base 10, what is -456 + -3?
-459
In base 9, what is -1350 + -4?
-1354
In base 2, what is 100 - -100011010111?
100011011011
In base 7, what is -56221 + 5?
-56213
In base 14, what is 0 + 24b?
24b
In base 10, what is 14 - -880?
894
In base 6, what is -4 + 110?
102
In base 4, what is -30 + -113?
-203
In base 10, what is -98 - 18?
-116
In base 5, what is -441 + 3?
-433
In base 12, what is 41 - 0?
41
In base 13, what is 214 + -5?
20c
In base 11, what is -29 + 1a?
-a
In base 13, what is cb + -7?
c4
In base 16, what is d + 5b?
68
In base 3, what is -11 - 210000?
-210011
In base 11, what is -5 + -1500?
-1505
In base 10, what is 5029 + 0?
5029
In base 15, what is 4 + -390?
-38b
In base 5, what is -1030402 - -4?
-1030343
In base 9, what is -1411 - -11?
-1400
In base 11, what is -75 + 11?
-64
In base 14, what is 4 - 5a?
-56
In base 7, what is 554 - 121?
433
In base 2, what is 101 + -1000000101?
-1000000000
In base 11, what is -7 - 142?
-149
In base 10, what is 135 - -2?
137
In base 8, what is -2452 - -5?
-2445
In base 5, what is 23 - 40?
-12
In base 14, what is -8b + 59?
-32
In base 3, what is -10122202 - -1?
-10122201
In base 10, what is -116 + -3?
-119
In base 14, what is 17 - -14?
2b
In base 10, what is 3208 + -4?
3204
In base 16, what is -5 + -40?
-45
In base 12, what is 360 - 1?
35b
In base 2, what is 110000 + 1000?
111000
In base 2, what is -11 + -1011000111?
-1011001010
In base 5, what is -1 - -1031?
1030
In base 4, what is 1 + -202?
-201
In base 13, what is -11 - a4?
-b5
In base 5, what is -1 - 212?
-213
In base 5, what is -13 - -1310?
1242
In base 7, what is -2 + 206?
204
In base 13, what is -1 + -870?
-871
In base 11, what is 64 - 20?
44
In base 15, what is 4e9 + 3?
4ec
In base 10, what is 77 - 76?
1
In base 8, what is -1041 - 2?
-1043
In base 4, what is -2 + -3202?
-3210
In base 10, what is 343 - -15?
358
In base 5, what is -32 + 23?
-4
In base 6, what is 5133 + 1?
5134
In base 15, what is 117 - 5?
112
In base 6, what is -5 + 111?
102
In base 14, what is 5 - -d20?
d25
In base 5, what is 34033 - -4?
34042
In base 10, what is 1 - -764?
765
In base 5, what is 2010 + 112?
2122
In base 9, what is 206 - -5?
212
In base 16, what is 5 - 1d?
-18
In base 2, what is 10 - 110101?
-110011
In base 6, what is -5 - -442?
433
In base 12, what is 1a - -6a?
88
In base 14, what is -4760 + 5?
-4759
In base 7, what is 4 - -12113?
12120
In base 5, what is 13 - 44224?
-44211
In base 14, what is -60 - -3?
-5b
In base 14, what is -2 - -4d?
4b
In base 4, what is -2200 - 1?
-2201
In base 3, what is -100 + -112?
-212
In base 11, what is -842 - 17?
-859
In base 11, what is -21 + 4a?
29
In base 8, what is -5 + 113?
106
In base 2, what is -1000010111 + -110?
-1000011101
In base 14, what is ccc + -4?
cc8
In base 11, what is 18 + -356?
-339
In base 10, what is 54 - -6?
60
In base 7, what is 2245 + -1?
2244
In base 9, what is -1 + -160?
-161
In base 14, what is -1cdc + 5?
-1cd7
In base 4, what is -11 - -2022?
2011
In base 13, what is 5 + -1c8?
-1c3
In base 6, what is 42 - 4?
34
In base 11, what is -75 + 95?
20
In base 6, what is 142 - 144?
-2
In base 3, what is -2000 + -2?
-2002
In base 10, what is 5828 - -2?
5830
In base 5, what is 0 - 130?
-130
In base 6, what is 0 + -1234?
-1234
In base 5, what is -3143 + 0?
-3143
In base 3, what is 12 + -211200?
-211111
In base 5, what is -4120 - -4?
-4111
In base 14, what is 3 - 93?
-90
In base 10, what is 232 + -7?
225
In base 14, what is 3 + 77?
7a
In base 13, what is -35 + -9?
-41
In base 3, what is -22011011 + -10?
-22011021
In base 10, what is -4 - -46?
42
In base 15, what is -7 - 38?
-40
In base 10, what is 263 - -6?
269
In base 11, what is 389 - 1?
388
In base 11, what is 3 + 8?
10
In base 13, what is 61 + 19?
7a
In base 16, what is -16 - -1?
-15
In base 13, what is 2 + 32?
34
In base 3, what is 21222 - -10?
22002
In base 7, what is -230 + 21?
-206
In base 16, what is 7 - 3dc?
-3d5
In base 6, what is 1 + 142?
143
In base 3, what is 1 - -2221?
2222
In base 5, what is -2 - -2223?
2221
In base 6, what is 2200 - 0?
2200
In base 13, what is -4 - -233?
22c
In base 4, what is 10 - 2011?
-2001
In base 16, what is -431 - 4?
-435
In base 14, what is 7 + -3b?
-34
In base 15, what is 11 - 80d?
-7ec
In base 2, what is 11 - -100000001011?
100000001110
In base 7, what is -5 + -246?
-254
In base 8, what is -2 - 64?
-66
In base 6, what is -11 - 221?
-232
In base 4, what is 301 - 21330?
-21023
In base 16, what is -3 + -29b?
-29e
In base 12, what is 3308 + -3?
3305
In base 13, what is -5 - -45c?
457
In base 2, what is -11101 + -110?
-100011
In base 7, what is -2 - -662?
660
In base 9, what is 332 - 7?
324
In base 6, what is -2 + 522?
520
In base 6, what is 21 - -403?
424
In base 5, what is 14 - -11?
30
In base 9, what is 2247 - 6?
2241
In base 11, what is 4 - -31?
35
In base 14, what is -3 - -42?
3d
In base 15, what is 2 + 3a?
3c
In base 3, 